ulate the highest common divisor of w and 32.
4
Suppose -2*l + 3*l - 13 = 0. Suppose 2*x = -0*x - 3*h + 217, 3*h - 9 = 0. Calculate the greatest common factor of l and x.
13
Suppose 0 = 4*v + v - 3*f - 347, 3*f + 137 = 2*v. Calculate the highest common factor of v and 10.
10
Let f be -12*(0 - 3/(-6)). Let c be 0/f - 1*-11. Let l(t) = t**3 + 5*t**2 - t + 6. Let o be l(-5). What is the greatest common factor of o and c?
11
Suppose -3*s + 5*t = -4*s + 37, -4*t = -5*s + 98. Let l be 52/(-13)*(-1)/2. Calculate the highest common factor of s and l.
2
Let t be 854/22 + 10/55. Let p = 41 - 15. Calculate the greatest common divisor of p and t.
13
Let p = -53 - -72. Calculate the highest common divisor of 171 and p.
19
Suppose 58*u = 53*u + 25. Calculate the highest common factor of 15 and u.
5
Let u be (3 - -3)/(6/16). Suppose 4*i = 20 + u. What is the highest common factor of i and 81?
9
Suppose 7*a - 3*a = 72. Let v be -1*2/(-2) - -1. Let f be ((-3)/6)/(v/(-72)). Calculate the highest common divisor of a and f.
18
Let u be (252/20)/(5/25). What is the highest common divisor of u and 9?
9
Let v = 25 + -6. Suppose -3*k = o - 284, 2*o + 2*o - 281 = -3*k. Calculate the greatest common factor of k and v.
19
Suppose 0 = x - 7 + 1. What is the highest common factor of x and 15?
3
Let f be (-1685)/(-35) - ((-6)/7)/(-6). Suppose 120 = g + 5*z, 4*g + 2*z = -3*z + 480. Calculate the greatest common divisor of f and g.
24
Let b be 19 + 1 + (-3 - -5). Calculate the greatest common factor of 242 and b.
22
Let w(l) = 4*l + 4. Let t(n) = -n - 1. Let p(c) = 26*t(c) + 6*w(c). Let g be p(-6). Calculate the highest common factor of g and 80.
10
Let f = 29 + 11. What is the greatest common factor of 10 and f?
10
Suppose 5*h - 3*z = 9, -h - 3*z + 9 = -0*h. Let d = 2 - 0. Suppose -5*n + 18 = 2*f + 4, 2*n = f + d. Calculate the highest common factor of h and n.
1
Let w be 3 + (64 - -3) + 2. Suppose 3*o - 4*d = 32, 2*o - 4*d = -9*d + 6. What is the highest common factor of o and w?
8
Suppose 2*p = -0*p + 10. Let w = -1 + p. Calculate the greatest common factor of w and 8.
4
Suppose -3*u + 0*u + 54 = 0. Calculate the highest common factor of 18 and u.
18
Suppose 3*v = -2*x + 355, 5*v - 2*v - 3*x = 375. Calculate the greatest common divisor of v and 11.
11
Let g(w) = -w**2 - 3*w + 60. Let b be g(0). What is the greatest common divisor of b and 15?
15
Suppose 0 = 48*m - 38*m - 2640. Suppose -2*o = -5*p + o + 108, -5*p + 5*o = -100. What is the greatest common factor of m and p?
24
Let v(m) = 5*m - 1. Let g be v(1). Let i be ((-4)/6)/(g/(-36)). Suppose 0 = -z + 2*z - i. What is the greatest common divisor of z and 54?
6
Let m be ((-50)/(-10))/(2/8). Let i = m - 1. What is the greatest common factor of 38 and i?
19
Let n(l) = -l - 1. Let w be n(-2). Let y be ((-1)/(-3))/(w/21). Suppose -d + 5*i = 2*i - 13, -2*i = 5*d - 150. Calculate the greatest common factor of d and y.
7
Let t = 3 - 3. Suppose 0 = -t*k + 2*k - 24. Suppose 0*w + 4 = w. What is the highest common divisor of w and k?
4
Let u be 66/15 - (-8)/(-20). Let h(y) = y**3 + 4*y**2 - y - 5. Let d be h(-4). Let r be d/u + (-34)/(-8). Calculate the highest common divisor of r and 44.
4
Let w(p) be the third derivative of -p**4/12 + 2*p**3 - 2*p**2. Let j be w(-14). What is the greatest common divisor of 5 and j?
5
Let o(p) = -2*p - 6. Let q be o(-5). Suppose -3*c + y + 41 = 6*y, 0 = q*c + 2*y - 64. Calculate the highest common factor of c and 85.
17
Let h(i) = i**3 + 3*i**2 - 3*i - 4. Let f be h(-3). Calculate the highest common divisor of f and 40.
5
Let z = 201 + -93. Suppose 3*m - z - 72 = 0. Suppose -5*y + 0*y = -m. Calculate the highest common divisor of y and 12.
12
Let b be (6 - 24)/(2 + -4). Let r = -77 - -176. Calculate the greatest common factor of b and r.
9
Suppose -j = -3*j + 5*o + 40, -2*j + o + 40 = 0. Calculate the greatest common divisor of 140 and j.
20
Suppose -5*c - 155 = v - 2*v, -275 = -2*v + 3*c. Calculate the greatest common divisor of 26 and v.
26
Let s be ((-840)/9)/5*-3. What is the highest common factor of s and 14?
14
Let w(x) = -4*x - 1. Let n be w(-1). Calculate the greatest common factor of n and 33.
3
Suppose -3*a + 36 = -a. What is the highest common divisor of 45 and a?
9
Suppose 2*d = 4*d - 6. Let w be (-51)/(-9) + (-2)/d. Let m = w - 3. Calculate the highest common divisor of m and 3.
1
Let d = 13 - 9. Let y be 15 - (0 + -1 + d). What is the greatest common factor of y and 60?
12
Let z(c) = -4*c + 1. Let h be z(-1). Suppose 0 = h*d - 0*d - 100. Let o = 0 + 4. Calculate the highest common divisor of o and d.
4
Let r be -15*(-3 - (-4)/2). Suppose 2*u = -2, -2*g + 4*u = -500 + 166. What is the greatest common factor of g and r?
15
Suppose 5*n + 1 = -4*d, -5*n + 5 = d - 6. Let c(w) = w**2 - w + 1. Let r be c(n). Suppose 139 = 2*s + 41. What is the highest common divisor of r and s?
7
Let r(a) be the third derivative of a**5/15 - 5*a**4/24 + a**3/2 - a**2. Let m be r(6). Calculate the greatest common factor of 13 and m.
13
Suppose -2*d + 0*t = 2*t - 14, -2*d - 4*t + 4 = 0. Calculate the greatest common factor of d and 108.
12
Let u(w) = -w**2 + 6*w - 4. Let y be u(4). Suppose -c + 18 = y*o, -o + c - 1 = -3. Suppose -m + 17 = 1. What is the highest common divisor of m and o?
4
Suppose -c = -5*h + 3*c + 63, 40 = 4*h + 2*c. What is the greatest common divisor of h and 1?
1
Let j be (-1)/((-1)/(-7)) + 2. Let k(a) = a**2 - 2*a + 5. Let r be k(j). What is the greatest common factor of 16 and r?
8
Let h = 132 + -118. Let b be (3 - -1)*(-3)/(-6). Calculate the greatest common factor of h and b.
2
Suppose 4*x - k - 61 = 0, 2*x - 2*k - 28 = -4*k. Let i = x + -1. Let n be (0 - 2)/2 + 71. Calculate the highest common divisor of n and i.
14
Let g(y) be the second derivative of y**4/12 + 4*y**3/3 - 7*y**2 - 2*y. Let i be g(-10). What is the greatest common factor of 18 and i?
6
Let x = -4 - -4. Suppose -q + 0 + 72 = x. Let o(l) = -l**2 - 6*l. Let c be o(-4). What is the greatest common divisor of c and q?
8
Let a(l) = 9*l**2 - l - 1. Let u = -3 - -2. Let z be a(u). Suppose -g + 7 = -z. What is the greatest common divisor of g and 176?
16
Suppose -f + 4*v = -3*f + 148, 2*v + 206 = 3*f. Calculate the highest common divisor of f and 14.
14
Let j = -40 - -82. Let h(v) = 2*v**2 - 18*v + 8. Let g be h(10). What is the highest common divisor of j and g?
14
Suppose -2*v + 4 = -0. Suppose -6 = -0*a + v*a. Let b(l) = 12*l**2 - 5*l - 3. Let n be b(a). Calculate the greatest common divisor of n and 20.
20
Let c = 32 - 2. Calculate the greatest common divisor of c and 12.
6
Let z(u) = 5*u**2 + u + 1. Let k be z(-1). Suppose -k*c - 128 = -453. Calculate the highest common divisor of 26 and c.
13
Let t(u) = -2*u + 3. Let g(w) = -14*w + 22. Let y(k) = -6*g(k) + 44*t(k). Let x be y(-3). Calculate the greatest common divisor of 24 and x.
12
Suppose 1 = 5*c - 2*g - 42, -c + 4*g = -23. Calculate the highest common divisor of 28 and c.
7
Let w(f) = -f - 1. Let l be w(-7). Let d(v) = v - 1. Let k be d(l). Suppose 122 = k*i + 32. Calculate the greatest common divisor of 198 and i.
18
Let m = -2 + -3. Let a(z) = 34*z + 3. Let f be a(m). Let k = f + 257. Calculate the greatest common divisor of 15 and k.
15
Let b = 49 + -27. Calculate the greatest common divisor of 154 and b.
22
Suppose 0 = -2*a + a + 22. Let r = 231 - 33. What is the greatest common divisor of r and a?
22
Suppose 0 = -w - 3*w - 4*h + 88, -5*w = -5*h - 140. Calculate the greatest common factor of w and 225.
25
Let n be 3*-1*(-3 + (5 - 3)). Calculate the greatest common divisor of 6 and n.
3
Suppose 17 = 2*x - 0*x - 5*v, x - 10 = 4*v. What is the greatest common divisor of x and 60?
6
Suppose -3*l + 6 = 0, -a - 53 = -2*a + l. What is the highest common factor of a and 22?
11
Let n = -16 - -50. Let t = 41 + -24. What is the highest common divisor of n and t?
17
Suppose -3*w + 1 + 2 = 0. What is the greatest common divisor of w and 13?
1
Let f = 10 - -32. Let h(l) = -l**3 - 6*l**2 + 10*l + 3. Let a be h(-7). Let s = f + a. What is the highest common factor of s and 16?
8
Suppose 4*h - 31 = -7. Let i(l) = -l**3 + 6*l**2 + 5*l. Let o be i(h). Calculate the highest common divisor of o and 10.
10
Suppose 44 = -6*j + 2*j. Let k(m) = -m**3 - 12*m**2 - 14*m + 9. Let f b